{"id":7201,"date":"2019-06-12T16:17:11","date_gmt":"2019-06-12T19:17:11","guid":{"rendered":"https:\/\/bonitoecotour.com\/?page_id=7201"},"modified":"2023-02-09T17:50:01","modified_gmt":"2023-02-09T20:50:01","slug":"politicas-de-privacidade","status":"publish","type":"page","link":"https:\/\/bonitoecotour.com\/blog\/politicas-de-privacidade\/","title":{"rendered":"Pol\u00edtica de Privacidade"},"content":{"rendered":"<h1 class=\"titulo-pagina\">Bonito Eco Tour &#8211; Pol\u00edtica de privacidade<\/h1>\n<p>Caro cliente,<\/p>\n<p>A Bonito Eco Tour LTDA &#8211; ME. (\u201cBonito Eco Tour\u201d) tem como um de seus principais valores, o compromisso de respeitar e preservar as informa\u00e7\u00f5es de seus usu\u00e1rios. Por isso, desenvolvemos esta <strong>Pol\u00edtica de Privacidade<\/strong>\u00a0para que voc\u00ea, usu\u00e1rio de nosso site, esteja ciente das informa\u00e7\u00f5es e dados que coletamos. Ao fornecer informa\u00e7\u00f5es pessoais ou navegar no site, o usu\u00e1rio estar\u00e1 automaticamente concordando com as regras de utiliza\u00e7\u00e3o, prote\u00e7\u00e3o e seguran\u00e7a aqui estabelecidas.<\/p>\n<h3 class=\"texto-titulo\">Coleta de Informa\u00e7\u00f5es<\/h3>\n<p>Ao se cadastrar na Bonito Eco Tour, o usu\u00e1rio fornece dados como: nome completo, CPF, endere\u00e7o de e- mail, telefone, endere\u00e7o para confirma\u00e7\u00e3o de seu roteiro, informa\u00e7\u00f5es de cart\u00e3o de cr\u00e9dito, entre outros. Os dados sens\u00edveis de cart\u00f5es de cr\u00e9dito\/d\u00e9bito (n\u00famero completo do cart\u00e3o e c\u00f3digo de seguran\u00e7a) em hip\u00f3tese alguma s\u00e3o armazenados, no entanto as demais informa\u00e7\u00f5es s\u00e3o armazenadas pela Bonito Eco Tour com o objetivo de otimizar a experi\u00eancia de compra pelo usu\u00e1rio. Al\u00e9m dos dados cadastrais, a Bonito Eco Tour tamb\u00e9m coleta informa\u00e7\u00f5es de forma autom\u00e1tica, como por exemplo: IP (com data e hora), origem do IP, caracter\u00edsticas do dispositivo de acesso, informa\u00e7\u00f5es sobre cliques, p\u00e1ginas acessadas no site da Bonito Eco Tour, entre outras informa\u00e7\u00f5es que podem ser obtidas no acesso. A Bonito Eco Tour recebe tamb\u00e9m informa\u00e7\u00f5es de clientes atrav\u00e9s de outros meios, como Tawk.to \u201cChat\u201d, Facebook \u201cPixel\u201d (e-mail, foto de perfil e lista de amigos), parceiros ou afiliados.<\/p>\n<h3 class=\"texto-titulo\">Uso e Compartilhamento de Informa\u00e7\u00f5es<\/h3>\n<p>A Bonito Eco Tour considera todas as informa\u00e7\u00f5es coletadas como confidenciais e as utiliza para proporcionar aos usu\u00e1rios uma excelente experi\u00eancia de compra e navega\u00e7\u00e3o. Para isso, a Bonito Eco Tour compartilha essas informa\u00e7\u00f5es com empresas parceiras, prestadoras de servi\u00e7os, lojistas do Marketplace da Bonito Eco Tour, realiza\u00e7\u00e3o de a\u00e7\u00f5es de marketing, remarketing e outros fins publicit\u00e1rios, em caso de transa\u00e7\u00f5es e altera\u00e7\u00f5es societ\u00e1rias, para a prote\u00e7\u00e3o dos interesses da Bonito Eco Tour em qualquer tipo de conflito, como por exemplo a\u00e7\u00f5es judiciais, mediante ordem judicial ou administrativa emitida por autoridade competente ou mediante autoriza\u00e7\u00e3o do cliente. Dessa forma, o usu\u00e1rio consente expressamente com a utiliza\u00e7\u00e3o de suas informa\u00e7\u00f5es da forma acima prevista para a presta\u00e7\u00e3o de servi\u00e7os pela Bonito Eco Tour, bem como para aperfei\u00e7oar e personalizar o acesso do usu\u00e1rio ao site da Bonito Eco Tour.<\/p>\n<h3 class=\"texto-titulo\">Exclus\u00e3o das informa\u00e7\u00f5es<\/h3>\n<p>O usu\u00e1rio poder\u00e1 solicitar a exclus\u00e3o definitiva dos dados pessoais que tiver fornecido \u00e0 Bonito Eco Tour, ao t\u00e9rmino da rela\u00e7\u00e3o entre as partes, entrando em contato com o contato@bonitoecotour.com. Ressalva-se, no entanto, que a Bonito Eco Tour respeitar\u00e1 o prazo legal m\u00ednimo de armazenamento de informa\u00e7\u00f5es, conforme a Lei 12.965\/2014.<span class=\"texto-paragrafo\"><br \/>\n<\/span><\/p>\n<h3 class=\"texto-titulo\">Cookies<\/h3>\n<p>Na Bonito Eco Tour, usamos cookies para reconhecer um visitante constante e melhorar sua experi\u00eancia de navega\u00e7\u00e3o e compra. Os cookies s\u00e3o pequenos arquivos de dados transferidos de um site da web para o disco do computador e n\u00e3o armazenam dados pessoais. Durante todo este processo, a Bonito Eco Tour trata as informa\u00e7\u00f5es com o sigilo descrito nesta Pol\u00edtica, ressaltando que estes dados s\u00e3o coletados de forma automatizada.<\/p>\n<h3 class=\"texto-titulo\">Menores de 18 anos podem comprar na Bonito Eco Tour?<\/h3>\n<p>Toda e qualquer pessoa menor de 18 anos dever\u00e1 obter o consentimento expresso de suas m\u00e3es, pais ou representantes legais antes de fornecer quaisquer dados \u00e0 Bonito Eco Tour.<\/p>\n<h3 class=\"texto-titulo\">Links<\/h3>\n<p>O site da Bonito Eco Tourpode conter links ou frames de outros sites, que podem ou n\u00e3o ser nossos parceiros. A presen\u00e7a destes links ou frames n\u00e3o significa que a Bonito Eco Tourtenha conhecimento, concorde, ou seja respons\u00e1vel por eles e seus respectivo conte\u00fado. Por isso, a Bonito Eco Tour se isenta da responsabilidade por qualquer informa\u00e7\u00e3o, materiais, produtos, servi\u00e7os, pol\u00edticas de privacidade ou pr\u00e1ticas comerciais adotadas por estes terceiros.<\/p>\n<h3 class=\"texto-titulo\">Altera\u00e7\u00e3o na Pol\u00edtica de Privacidade<\/h3>\n<p>A Bonito Eco Tourreserva-se o direito de, a qualquer momento, modificar esta pol\u00edtica.<\/p>\n<h3 class=\"texto-titulo\">Legisla\u00e7\u00e3o aplic\u00e1vel<\/h3>\n<p>Esta pol\u00edtica \u00e9 regida, interpretada e executada conforme as leis da Rep\u00fablica Federativa do Brasil, especificamente seguindo par\u00e2metros delineados na Lei 12.965\/14. O usu\u00e1rio consente, expressamente, com a compet\u00eancia deste ju\u00edzo e renuncia \u00e0 compet\u00eancia de qualquer outro, por mais privilegiado que seja ou venha a ser.<\/p>\n<p>&nbsp;<\/p>\n","protected":false},"excerpt":{"rendered":"<p>Bonito Eco Tour &#8211; Pol\u00edtica de privacidade Caro cliente, A Bonito Eco Tour LTDA &#8211; ME. (\u201cBonito Eco Tour\u201d) tem como um de seus principais valores, o compromisso de respeitar e preservar as informa\u00e7\u00f5es de seus usu\u00e1rios. Por isso, desenvolvemos esta Pol\u00edtica de Privacidade\u00a0para que voc\u00ea, usu\u00e1rio de nosso site, esteja ciente das informa\u00e7\u00f5es e &hellip;<\/p>\n<p class=\"read-more\"> <a class=\"\" href=\"https:\/\/bonitoecotour.com\/blog\/politicas-de-privacidade\/\"> <span class=\"screen-reader-text\">Pol\u00edtica de Privacidade<\/span> Leia mais \u00bb<\/a><\/p>\n","protected":false},"author":1,"featured_media":0,"parent":0,"menu_order":0,"comment_status":"closed","ping_status":"closed","template":"","meta":{"site-sidebar-layout":"default","site-content-layout":"default","ast-global-header-display":"","ast-main-header-display":"","ast-hfb-above-header-display":"","ast-hfb-below-header-display":"","ast-hfb-mobile-header-display":"","site-post-title":"","ast-breadcrumbs-content":"","ast-featured-img":"","footer-sml-layout":"","theme-transparent-header-meta":"default","adv-header-id-meta":"","stick-header-meta":"default","header-above-stick-meta":"","header-main-stick-meta":"","header-below-stick-meta":"","_joinchat":[]},"_links":{"self":[{"href":"https:\/\/bonitoecotour.com\/blog\/wp-json\/wp\/v2\/pages\/7201"}],"collection":[{"href":"https:\/\/bonitoecotour.com\/blog\/wp-json\/wp\/v2\/pages"}],"about":[{"href":"https:\/\/bonitoecotour.com\/blog\/wp-json\/wp\/v2\/types\/page"}],"author":[{"embeddable":true,"href":"https:\/\/bonitoecotour.com\/blog\/wp-json\/wp\/v2\/users\/1"}],"replies":[{"embeddable":true,"href":"https:\/\/bonitoecotour.com\/blog\/wp-json\/wp\/v2\/comments?post=7201"}],"version-history":[{"count":0,"href":"https:\/\/bonitoecotour.com\/blog\/wp-json\/wp\/v2\/pages\/7201\/revisions"}],"wp:attachment":[{"href":"https:\/\/bonitoecotour.com\/blog\/wp-json\/wp\/v2\/media?parent=7201"}],"curies":[{"name":"wp","href":"https:\/\/api.w.org\/{rel}","templated":true}]}}